2 + 26*i**2 + 2*i - 45*i**2. Let f be c(-2). Calculate the remainder when 175 is divided by 11/f + 239/4.
55
Suppose -5*d + 3*d = -v + 14, -2*d + 34 = 3*v. Suppose 3*k = 3*l - v, 0 = 4*l + l + 4*k - 56. What is the remainder when 24 is divided by l?
0
Let v = 2272 - 2221. Calculate the remainder when 549 is divided by v.
39
Let i(l) = l**2 - 13*l + 55. What is the remainder when i(7) is divided by 2 + (-7)/((-21)/12) + -2?
1
Suppose 3*u - 47 = 42*d - 47*d, 4*u - 58 = -2*d. Let h(y) = -7*y**2 + y + 461. What is the remainder when h(0) is divided by u?
13
Let x(i) = -i**3 - 60*i**2 + 10*i + 4755. Calculate the remainder when x(0) is divided by 29.
28
Suppose -3*m = 4*w - 41, 5*m - 16 - 15 = -2*w. Let h be 4/1*2/w. Let r(g) = 2*g**3 + g**2 - 3*g + 2. Calculate the remainder when 4 is divided by r(h).
0
Let v(z) = -29*z - 7. Let h be (21/(-9))/((-4)/24). Suppose 0 = -4*b + 2*t + 3*t + 38, 2*b - h = 5*t. Calculate the remainder when v(-1) is divided by b.
10
Suppose -2*p = -2*u - 3*u + 58, 5*u = -p - 44. Let h be 1/(p/(-84) + (-6)/14). Let a = -26 - h. Calculate the remainder when 58 is divided by a.
10
Let x(u) = -9*u**3 - 4*u**2 - 3*u. Calculate the remainder when x(-2) is divided by 2/(-8) - 59/(4720/(-420)).
2
Let y = 7356 + -5965. What is the remainder when y is divided by 82?
79
Let a(q) = 5*q**2 + 4*q - 4. Let t be a(-4). Suppose -k - 9 = 4*d - 15, -3*k + 4*d + 2 = 0. Calculate the remainder when 47 is divided by 2/k + t/4.
15
Let w(h) = -h**3 - 32*h**2 - 11*h - 139. What is the remainder when w(-32) is divided by 117?
96
Suppose 7*l = -8*l + 60. Suppose 2*k + v + 1 = 13, 0 = -l*k - 5*v + 36. Suppose -r + 5 - 3 = 0. What is the remainder when k is divided by r?
0
Let p(d) = -5*d + 94 + 80 - 41. What is the remainder when p(0) is divided by 45?
43
Suppose -4*m + 38 = -3*m + 4*i, 0 = -m - 2*i + 40. What is the remainder when m is divided by 16?
10
Suppose k - 1489 = -3*v + 1234, 5*v = -k + 4543. Calculate the remainder when v is divided by 91.
0
Suppose 12*n + 48 = 24*n. Suppose -314 + 110 = -n*u. What is the remainder when u is divided by 20?
11
Let g(o) = 980*o - 22345. Suppose -5*b + 0*b - 103 = -4*c, -4*c + 79 = 3*b. Calculate the remainder when g(23) is divided by c.
19
Suppose 0 = 5*x + 23 + 2, -4*d = x - 439. Let j = -63 - -131. Suppose t - 19 = -t + 3*n, 0 = -4*t - 4*n + j. What is the remainder when d is divided by t?
13
Let p = 65 - 62. Suppose 3*j = -4*r + 60 + 23, r - p*j - 32 = 0. What is the remainder when 137 is divided by r?
22
Let z = 30 - 34. Suppose -114 + 70 = -4*p. Calculate the remainder when 10/z*(816/15)/(-8) is divided by p.
6
Let h(q) = -6*q + 435. What is the remainder when h(-14) is divided by 258?
3
Let r(o) = 295*o - 5007. What is the remainder when 3036 is divided by r(17)?
4
Let k = 184 + -67. Suppose -5*t = 25, -4*r - t = r - 175. What is the remainder when k is divided by r?
9
Suppose q + 22 = -5*n, 4 = -5*q + 2*n + 29. Suppose -3*y = q*d + d - 594, -9 = -3*d. What is the remainder when y is divided by 39?
38
Let q(g) = -g**3 + 29*g**2 + 35*g - 104. Let a = -84 - -114. Calculate the remainder when 1239 is divided by q(a).
43
Suppose 11*k - 7*k - 16 = 0. Let q = k + 17. Suppose -q*z = -26*z + 450. What is the remainder when z is divided by 24?
18
Let a = 1541 - 333. What is the remainder when a is divided by 20?
8
What is the remainder when ((-1170)/4)/((-1045)/2508) is divided by 139?
7
Suppose -19*b + 836 = 25*b. What is the remainder when 257 is divided by b?
10
Suppose -308*g - 14*g = -21896. What is the remainder when 847 is divided by g?
31
Let p = -302 + 311. What is the remainder when (-14895)/(-405) + 2/p is divided by 12?
1
Let n(w) = -w**2 + 5*w + 7. What is the remainder when (((-168)/70)/((-14)/(-10)))/((-10)/140) is divided by n(5)?
3
Suppose 0 = -38*f + 3579 + 2805. Let s = 179 - f. What is the remainder when 68 is divided by s?
2
Let r(w) = 3*w**2 - 37*w - 281. Suppose 2*h - 2*y - 1 + 19 = 0, -2*h - 4*y = 12. What is the remainder when r(h) is divided by 70?
67
Let a be (154/21 - 10)*(-41 + -1). Suppose 4*p - a + 84 = 0. What is the remainder when (-2)/(-1) + (31 - 0) is divided by p?
5
Suppose 0 = 5*m - 45 - 95. What is the remainder when ((-7)/196*-8)/((-26)/(-22386)) is divided by m?
22
Let i be -8 + 4 + 3 + 1125. Let p = i - 610. What is the remainder when p/6 + (-10)/15 - 0 is divided by 29?
27
Let s(d) = 334 + 343 + 68*d - 706. Let o be s(2). Let f = o - 11. Calculate the remainder when f is divided by 9.
6
Let u = 44 + -45. Let r(f) = -128*f**3 - 3*f**2 - 5*f - 2. What is the remainder when r(u) is divided by 13?
11
Let t(w) = -24*w - 12*w + 10*w + 23*w**2 + 14 + w**3 + 3. What is the remainder when t(-24) is divided by 17?
14
Let c(b) = -8*b - 12. Calculate the remainder when (-3)/(105/14) + 4581/15 is divided by c(-7).
41
Let h be 3/6 + 3*(-7)/(-6). Suppose 0 = 3*s - 2 - h. Suppose -s*m + 8 = 2. What is the remainder when 4 is divided by m?
1
Suppose -4*v = -4, 11*v - 8*v - 691 = t. Let a = t - -740. What is the remainder when a is divided by 30?
22
Let z(y) = 138*y + 5. Let o be z(-1). Let x = o + 136. Suppose x*b = -152 + 212. What is the remainder when 58 is divided by b?
18
Let a = 1 - 9. Let t(c) = 8*c - 12. Let p be t(a). Let q = p - -92. What is the remainder when 92 is divided by q?
12
What is the remainder when 1497 is divided by (-2*(-234)/(-21) - -8)/(2/(-14))?
97
Let q be 2*(-9)/(-18) + 1 + -230. Let o = -201 - q. Calculate the remainder when 161 is divided by o.
26
Suppose 7 = 5*x - 4*n - 0, -x = -2*n + 7. Let c = 73 - 49. Calculate the remainder when c is divided by x.
3
Let a be ((-12)/10)/((-27)/1800). Suppose 0 = a*b - 104*b + 1296. What is the remainder when b is divided by 20?
14
Suppose 147*y - 4*f = 142*y + 2737, -5*y + 2743 = -f. Calculate the remainder when y is divided by 170.
39
Suppose 5*n + 3*h - 12 = 13, -18 = -n + 2*h. What is the remainder when 71 is divided by n?
7
Suppose 190*o - 202*o = -85 + 13. What is the remainder when 66 is divided by o?
0
Suppose -c = -4*o + 5*o - 256, -3*o + 772 = 4*c. Calculate the remainder when o is divided by 137.
115
Let h(p) = -6*p - 28. Let y(g) = 5*g + 30. Suppose -11*q = -4*q + 14. Let j(m) = q*y(m) - 3*h(m). What is the remainder when j(3) is divided by 25?
23
Suppose -92*p + 376 = -1832. Calculate the remainder when 1750 is divided by p.
22
Suppose 0 = 3*x + 18*w - 13*w - 373, 0 = -2*x - 4*w + 246. Calculate the remainder when x is divided by 943/230*20/2.
8
Let d be 215 - (1 - (-3)/(-1) - -1). Suppose -6*n = 144 - d. What is the remainder when 56 is divided by n?
8
Let l(n) = n**3 - 102*n**2 - 2071*n - 38. What is the remainder when l(-17) is divided by 184?
42
Let s = -61 + 71. Suppose -s = 7*c - 2*c. Calculate the remainder when 9 is divided by 4/(-5*c/15).
3
Let b = 39 + -16. Let s = 26043 - 25907. What is the remainder when s is divided by b?
21
Suppose 0 = 3*k - 2*v + 6, -3*v = -k - 1 - 1. What is the remainder when (-3 + 0 - k)/(1/(-19)) is divided by 7?
5
Let h(p) = -p**3 + 5*p**2 + 19*p + 45. Calculate the remainder when 81 is divided by h(7).
1
Let p = 601 - 133. Let u = p - 316. Calculate the remainder when u is divided by 5.
2
Suppose -199 = -4*b - 7. Let k = -41079 + 41411. Calculate the remainder when k is divided by b.
44
Let x = 65 - 66. Let p(w) = -3*w**2 - 2*w - 2. Let h be p(x). What is the remainder when 29 is divided by ((-9)/h + 13)/2?
5
Suppose 2*x + 9 = -x, 5*x = -3*i + 273. Suppose -z = -i + 30. What is the remainder when z is divided by 6 + (-37)/3 - -8 - (-92)/6?
15
Suppose -61 = -5*f - 3*o + 48, f - 5*o = 5. Suppose 0 = 2*l - f - 14. Let v = -5 - -10. What is the remainder when l is divided by v?
2
Let u be 5*1 + 2 + -2. Suppose -5*p - 2*r = 2*r - 13, -4*p + u*r = 6. Calculate the remainder when ((-272)/204)/((-8)/6)*8/2 is divided by p.
0
What is the remainder when 2461 is divided by (22/(-6))/((24 + -54)/360)?
41
Let v be ((-1112)/(-10))/((-6)/60*-4). Suppose -2*t + 506 = -v. Suppose 5*b - b + 4*r = t, -5*r - 480 = -5*b. What is the remainder when b is divided by 17?
12
Suppose 10*v + 3*q - 2139 = 7*v, -12 = 3*q. Calculate the remainder when v is divided by 89.
5
Suppose -3*z = 3, 4*s + 431*z = 438*z + 367. What is the remainder when 499 is divided by s?
49
Let r be 2/9 + (-76)/18 + 7.